{"id":1522,"date":"2024-07-03T08:09:59","date_gmt":"2024-07-03T08:09:59","guid":{"rendered":"http:\/\/192.168.0.235:10004\/?page_id=1522"},"modified":"2025-08-04T12:08:58","modified_gmt":"2025-08-04T12:08:58","slug":"personlichkeitsentwicklung","status":"publish","type":"page","link":"https:\/\/demo.labella-consulting.de\/index.php\/beratungsangebot\/personlichkeitsentwicklung\/","title":{"rendered":"Pers\u00f6nlichkeitsentwicklung"},"content":{"rendered":"\n\t<section class=\"section\" id=\"section_1888248127\">\n\t\t<div class=\"section-bg fill\" >\n\t\t\t\t\t\t\t<div class=\"video-overlay no-click fill visible\"><\/div>\n\t<video class=\"video-bg fill visible\" preload playsinline autoplay muted loop>\n\t\t<source src=\"https:\/\/demo.labella-consulting.de\/wp-content\/uploads\/2025\/08\/side-view-of-woman-having-video-call-with-doctor-on-laptop-at-home-online-consultat-SBV-338538054-HD.mp4\" type=\"video\/mp4\">\t<\/video>\n\t\t\t<div class=\"section-bg-overlay absolute fill\"><\/div>\n\t\t\t\n\n\t\t<\/div>\n\n\t\t\n\n\t\t<div class=\"section-content relative\">\n\t\t\t\n<div class=\"row\"  id=\"row-1485049107\">\n\n\t<div id=\"col-1796662783\" class=\"col small-12 large-12\"  >\n\t\t\t\t<div class=\"col-inner\"  >\n\t\t\t\n\t\t\t\n\t<div id=\"text-1621430499\" class=\"text\">\n\t\t\n<h1 class=\"thin-font uppercase\"><span style=\"font-size: 100%;\">Pers\u00f6nlichkeitsentwicklung \u2013<br \/>Wachstum, Klarheit &amp; neue Wege<\/span><\/h1>\n\t\t\n<style>\n#text-1621430499 {\n  text-align: center;\n  color: rgb(255,255,255);\n}\n#text-1621430499 > * {\n  color: rgb(255,255,255);\n}\n<\/style>\n\t<\/div>\n\t\n\t\t<\/div>\n\t\t\t\t\t<\/div>\n\n\t\n<\/div>\n\t\t<\/div>\n\n\t\t\n<style>\n#section_1888248127 {\n  padding-top: 31px;\n  padding-bottom: 31px;\n  min-height: 300px;\n}\n#section_1888248127 .section-bg-overlay {\n  background-color: rgba(0,0,0,.5);\n}\n@media (min-width:550px) {\n  #section_1888248127 {\n    min-height: 400px;\n  }\n}\n@media (min-width:850px) {\n  #section_1888248127 {\n    min-height: 564px;\n  }\n}\n<\/style>\n\t<\/section>\n\t\n\n\t<section class=\"section\" id=\"section_320438216\">\n\t\t<div class=\"section-bg fill\" >\n\t\t\t\t\t\t\t\t\t\n\t\t\t\n\n\t\t<\/div>\n\n\t\t\n\n\t\t<div class=\"section-content relative\">\n\t\t\t\n<div class=\"row align-center\"  id=\"row-2075506923\">\n\n\t<div id=\"col-1171315985\" class=\"col medium-12 small-12 large-6\"  >\n\t\t\t\t<div class=\"col-inner\" style=\"background-color:rgb(241, 241, 241);\" >\n\t\t\t\n\t<div class=\"is-border\"\n\t\tstyle=\"border-color:rgba(146, 125, 86, 0.384);border-width:10px 0px 0px 0px;\">\n\t<\/div>\n\t\t\t\n\t<div id=\"text-781439143\" class=\"text\">\n\t\t\n<p><strong>Unser Angebot: Pers\u00f6nlichkeitsentwicklung mit System und Herz<\/strong><br \/>\n\t\t\n<style>\n#text-781439143 {\n  font-size: 1.25rem;\n}\n<\/style>\n\t<\/div>\n\t\n<ul>\n<li class=\"bullet-arrow\"><strong>Innere Blockaden l\u00f6sen:<\/strong> Unbewusste Muster erkennen und Schritt f\u00fcr Schritt \u00fcberwinden \u2013 f\u00fcr mehr Freiheit und Potenzial.<\/li>\n<li class=\"bullet-arrow\"><strong>Glaubenss\u00e4tze hinterfragen:<\/strong> Einschr\u00e4nkende \u00dcberzeugungen wandeln und dein Selbstbild st\u00e4rken.<\/li>\n<li class=\"bullet-arrow\"><strong>Selbstwahrnehmung und Achtsamkeit f\u00f6rdern:<\/strong> Gedanken, Gef\u00fchle und Bed\u00fcrfnisse besser verstehen \u2013 auch in stressigen Momenten gelassen bleiben.<\/li>\n<li class=\"bullet-arrow\"><strong>Emotionale Heilung:<\/strong> Vergangene Erfahrungen aufarbeiten, loslassen und zu mehr innerem Frieden finden.<\/li>\n<li class=\"bullet-arrow\"><strong>Ziele erkennen &amp; verwirklichen:<\/strong> Was ist dir wirklich wichtig? Finde es heraus und geh die n\u00e4chsten Schritte!<\/li>\n<li class=\"bullet-arrow\"><strong>Selbstvertrauen &amp; Selbstwirksamkeit st\u00e4rken:<\/strong> Lerne, dir selbst zu vertrauen und aktiv dein Leben zu gestalten.<\/li>\n<\/ul>\n<p style=\"font-weight:bold;margin-top:20px;\">ab 60\u202f\u20ac \/ mit Mitgliedschaft<\/p>\n\t\t<\/div>\n\t\t\t\t\n<style>\n#col-1171315985 > .col-inner {\n  padding: 15% 10% 5% 10%;\n  margin: 0 0px 0px 0px;\n}\n@media (min-width:550px) {\n  #col-1171315985 > .col-inner {\n    padding: 10% 10% 8% 10%;\n  }\n}\n@media (min-width:850px) {\n  #col-1171315985 > .col-inner {\n    padding: 15% 15% 10% 15%;\n    margin: -172px 0px 0px 0px;\n  }\n}\n<\/style>\n\t<\/div>\n\n\t\n\n\t<div id=\"col-364139055\" class=\"col medium-12 small-12 large-6\"  >\n\t\t\t\t<div class=\"col-inner\"  >\n\t\t\t\n\t\t\t\n\t<div id=\"gap-1995276305\" class=\"gap-element clearfix\" style=\"display:block; height:auto;\">\n\t\t\n<style>\n#gap-1995276305 {\n  padding-top: 10px;\n}\n@media (min-width:550px) {\n  #gap-1995276305 {\n    padding-top: 20px;\n  }\n}\n@media (min-width:850px) {\n  #gap-1995276305 {\n    padding-top: 30px;\n  }\n}\n<\/style>\n\t<\/div>\n\t\n\t<div id=\"text-3588500505\" class=\"text\">\n\t\t\n<h2>Individuelle Pers\u00f6nlichkeitsentwicklung mit AFMG.at \u2013 Dein Wachstum beginnt jetzt<\/h2>\n\t\t\n<style>\n#text-3588500505 {\n  font-size: 1rem;\n}\n<\/style>\n\t<\/div>\n\t\n<p>\nM\u00f6chtest du dich pers\u00f6nlich weiterentwickeln, innere H\u00fcrden \u00fcberwinden oder neue Lebensziele finden? Unsere Beratung zur Pers\u00f6nlichkeitsentwicklung unterst\u00fctzt dich dabei, dich selbst besser zu verstehen, verborgene Ressourcen zu entdecken und das Beste aus deinem Leben zu machen.\n<\/p>\n<p>\nUnsere erfahrenen Berater:innen arbeiten achtsam, l\u00f6sungsorientiert und mit viel Empathie. In einem gesch\u00fctzten, vertrauensvollen Rahmen bekommst du Impulse und Werkzeuge, um deine Themen anzugehen \u2013 egal, ob du an alten Glaubenss\u00e4tzen arbeiten, mehr Selbstbewusstsein entwickeln oder emotionale Verletzungen verarbeiten m\u00f6chtest.\n<\/p>\n<p>\nAlle Gespr\u00e4che finden bequem und sicher online statt. Du kannst offen sprechen, deine Ziele definieren und erh\u00e4ltst konkrete Strategien, wie du Schritt f\u00fcr Schritt zu mehr Klarheit, Leichtigkeit und Lebensfreude findest. Vertraue auf unsere Kompetenz und begleite dich selbst ein St\u00fcck bewusster durchs Leben!\n<\/p>\n<p>\n<strong>Starte jetzt deinen Weg zu mehr Selbstvertrauen, pers\u00f6nlicher St\u00e4rke und Erf\u00fcllung \u2013 buche deine Online-Beratung zur Pers\u00f6nlichkeitsentwicklung bei AFMG.at!<\/strong><\/p>\n<a href=\"#kontakt\" class=\"button primary\" style=\"border-radius:18px;\">\n\t\t<span>Jetzt Termin anfragen<\/span>\n\t<\/a>\n\n\t\t<\/div>\n\t\t\t\t\n<style>\n#col-364139055 > .col-inner {\n  padding: 0px 10% 0px 0px;\n}\n<\/style>\n\t<\/div>\n\n\t\n<\/div>\n\t\t<\/div>\n\n\t\t\n<style>\n#section_320438216 {\n  padding-top: 30px;\n  padding-bottom: 30px;\n}\n<\/style>\n\t<\/section>\n\t\n\n\t<section class=\"section\" id=\"section_1603027484\">\n\t\t<div class=\"section-bg fill\" >\n\t\t\t\t\t\t\t\t\t\n\t\t\t\n\n\t\t<\/div>\n\n\t\t\n\n\t\t<div class=\"section-content relative\">\n\t\t\t\n<div class=\"row\"  id=\"row-990679797\">\n\n\t<div id=\"col-1660401714\" class=\"col small-12 large-12\"  >\n\t\t\t\t<div class=\"col-inner\"  >\n\t\t\t\n\t\t\t\n<h1>Deine Vorteile \u2013 Pers\u00f6nlichkeitsentwicklung, die wirkt<\/h1>\n<ul>\n<li>Individuelle Beratung auf Augenh\u00f6he und mit Erfahrung<\/li>\n<li>L\u00f6sungsorientierte Strategien f\u00fcr Wachstum &amp; Selbstverwirklichung<\/li>\n<li>St\u00e4rkung von Selbstvertrauen, Selbstwahrnehmung und innerer Balance<\/li>\n<li>Vertrauliche, gesch\u00fctzte Gespr\u00e4che \u2013 bequem online<\/li>\n<li>Impulse, Tools und Methoden f\u00fcr nachhaltige Ver\u00e4nderung<\/li>\n<li>Flexible Termine, transparente Preise, faire Mitgliedschaftsmodelle<\/li>\n<\/ul>\n\t\t<\/div>\n\t\t\t\t\t<\/div>\n\n\t\n\n<style>\n#row-990679797 > .col > .col-inner {\n  padding: 56px 0px 0px 0px;\n}\n<\/style>\n<\/div>\n\t\t<\/div>\n\n\t\t\n<style>\n#section_1603027484 {\n  padding-top: 23px;\n  padding-bottom: 23px;\n  background-color: rgb(247, 246, 246);\n}\n<\/style>\n\t<\/section>\n\t\n\n\t<section class=\"section dark\" id=\"section_448703619\">\n\t\t<div class=\"section-bg fill\" >\n\t\t\t\t\t\t\t\t\t\n\t\t\t\n\n\t\t<\/div>\n\n\t\t\n\n\t\t<div class=\"section-content relative\">\n\t\t\t\n\t<div id=\"gap-1184584563\" class=\"gap-element clearfix\" style=\"display:block; height:auto;\">\n\t\t\n<style>\n#gap-1184584563 {\n  padding-top: 30px;\n}\n<\/style>\n\t<\/div>\n\t\n<div class=\"row\"  id=\"row-2029856569\">\n\n\t<div id=\"col-1757800138\" class=\"col medium-6 small-12 large-6\"  >\n\t\t\t\t<div class=\"col-inner\"  >\n\t\t\t\n\t\t\t\n<div class=\"accordion\">\n\t<div id=\"accordion-624505207\" class=\"accordion-item\">\n\t\t<a id=\"accordion-624505207-label\" class=\"accordion-title plain\" href=\"#accordion-item-was-genau-ist-unter-pers\u00f6nlichkeitsentwicklung-zu-verstehen?\" aria-expanded=\"false\" aria-controls=\"accordion-624505207-content\">\n\t\t\t<button class=\"toggle\" aria-label=\"Umschalten\"><i class=\"icon-angle-down\" aria-hidden=\"true\"><\/i><\/button>\n\t\t\t<span>Was genau ist unter Pers\u00f6nlichkeitsentwicklung zu verstehen?<\/span>\n\t\t<\/a>\n\t\t<div id=\"accordion-624505207-content\" class=\"accordion-inner\" aria-labelledby=\"accordion-624505207-label\">\n\t\t\t\n<p>Pers\u00f6nlichkeitsentwicklung bedeutet, dich selbst besser kennenzulernen, innere H\u00fcrden zu \u00fcberwinden und Schritt f\u00fcr Schritt ein bewussteres, erf\u00fcllteres Leben zu f\u00fchren \u2013 individuell und praxisnah.<\/p>\n\t\t<\/div>\n\t<\/div>\n\t\n\t<div id=\"accordion-650190508\" class=\"accordion-item\">\n\t\t<a id=\"accordion-650190508-label\" class=\"accordion-title plain\" href=\"#accordion-item-f\u00fcr-wen-ist-dieses-angebot-geeignet?\" aria-expanded=\"false\" aria-controls=\"accordion-650190508-content\">\n\t\t\t<button class=\"toggle\" aria-label=\"Umschalten\"><i class=\"icon-angle-down\" aria-hidden=\"true\"><\/i><\/button>\n\t\t\t<span>F\u00fcr wen ist dieses Angebot geeignet?<\/span>\n\t\t<\/a>\n\t\t<div id=\"accordion-650190508-content\" class=\"accordion-inner\" aria-labelledby=\"accordion-650190508-label\">\n\t\t\t\n<p>F\u00fcr alle, die sp\u00fcren, dass sie sich ver\u00e4ndern, weiterentwickeln oder alte Muster loslassen m\u00f6chten \u2013 unabh\u00e4ngig von Alter, Beruf oder Lebensphase.<\/p>\n\t\t<\/div>\n\t<\/div>\n\t\n\t<div id=\"accordion-933368440\" class=\"accordion-item\">\n\t\t<a id=\"accordion-933368440-label\" class=\"accordion-title plain\" href=\"#accordion-item-muss-ich-ein-konkretes-problem-haben,-um-teilzunehmen?\" aria-expanded=\"false\" aria-controls=\"accordion-933368440-content\">\n\t\t\t<button class=\"toggle\" aria-label=\"Umschalten\"><i class=\"icon-angle-down\" aria-hidden=\"true\"><\/i><\/button>\n\t\t\t<span>Muss ich ein konkretes Problem haben, um teilzunehmen?<\/span>\n\t\t<\/a>\n\t\t<div id=\"accordion-933368440-content\" class=\"accordion-inner\" aria-labelledby=\"accordion-933368440-label\">\n\t\t\t\n<p>Nein. Viele Menschen w\u00fcnschen sich einfach, mehr aus ihrem Leben zu machen oder sich selbst besser zu verstehen \u2013 das gen\u00fcgt vollkommen als Ausgangspunkt.<\/p>\n\t\t<\/div>\n\t<\/div>\n\t\n\t<div id=\"accordion-763870172\" class=\"accordion-item\">\n\t\t<a id=\"accordion-763870172-label\" class=\"accordion-title plain\" href=\"#accordion-item-wie-l\u00e4uft-die-beratung-ab?\" aria-expanded=\"false\" aria-controls=\"accordion-763870172-content\">\n\t\t\t<button class=\"toggle\" aria-label=\"Umschalten\"><i class=\"icon-angle-down\" aria-hidden=\"true\"><\/i><\/button>\n\t\t\t<span>Wie l\u00e4uft die Beratung ab?<\/span>\n\t\t<\/a>\n\t\t<div id=\"accordion-763870172-content\" class=\"accordion-inner\" aria-labelledby=\"accordion-763870172-label\">\n\t\t\t\n<p>In vertrauensvollen Gespr\u00e4chen schauen wir gemeinsam auf deine Themen, entdecken neue Perspektiven und arbeiten l\u00f6sungsorientiert an deiner Weiterentwicklung \u2013 alles auf Augenh\u00f6he und im gesch\u00fctzten Rahmen.<\/p>\n\t\t<\/div>\n\t<\/div>\n\t\n<\/div>\n\t\t<\/div>\n\t\t\t\t\t<\/div>\n\n\t\n\n\t<div id=\"col-651016427\" class=\"col medium-6 small-12 large-6\"  >\n\t\t\t\t<div class=\"col-inner\"  >\n\t\t\t\n\t\t\t\n<div class=\"accordion\">\n\t<div id=\"accordion-720783167\" class=\"accordion-item\">\n\t\t<a id=\"accordion-720783167-label\" class=\"accordion-title plain\" href=\"#accordion-item-wie-lange-dauert-eine-beratungseinheit?\" aria-expanded=\"false\" aria-controls=\"accordion-720783167-content\">\n\t\t\t<button class=\"toggle\" aria-label=\"Umschalten\"><i class=\"icon-angle-down\" aria-hidden=\"true\"><\/i><\/button>\n\t\t\t<span>Wie lange dauert eine Beratungseinheit?<\/span>\n\t\t<\/a>\n\t\t<div id=\"accordion-720783167-content\" class=\"accordion-inner\" aria-labelledby=\"accordion-720783167-label\">\n\t\t\t\n<p>Bei Tagesmitgliedschaft dauert die Beratung 50 Minuten, bei Jahres- oder F\u00f6rdermitgliedschaft 30 Minuten \u2013 jeweils online und flexibel buchbar.<\/p>\n\t\t<\/div>\n\t<\/div>\n\t\n\t<div id=\"accordion-3868507622\" class=\"accordion-item\">\n\t\t<a id=\"accordion-3868507622-label\" class=\"accordion-title plain\" href=\"#accordion-item-ist-das-ganze-auch-online-m\u00f6glich?\" aria-expanded=\"false\" aria-controls=\"accordion-3868507622-content\">\n\t\t\t<button class=\"toggle\" aria-label=\"Umschalten\"><i class=\"icon-angle-down\" aria-hidden=\"true\"><\/i><\/button>\n\t\t\t<span>Ist das Ganze auch online m\u00f6glich?<\/span>\n\t\t<\/a>\n\t\t<div id=\"accordion-3868507622-content\" class=\"accordion-inner\" aria-labelledby=\"accordion-3868507622-label\">\n\t\t\t\n<p>Ja, s\u00e4mtliche Beratungseinheiten finden online statt \u2013 ortsunabh\u00e4ngig, sicher und diskret.<\/p>\n\t\t<\/div>\n\t<\/div>\n\t\n\t<div id=\"accordion-1424917568\" class=\"accordion-item\">\n\t\t<a id=\"accordion-1424917568-label\" class=\"accordion-title plain\" href=\"#accordion-item-wann-sind-termine-m\u00f6glich?\" aria-expanded=\"false\" aria-controls=\"accordion-1424917568-content\">\n\t\t\t<button class=\"toggle\" aria-label=\"Umschalten\"><i class=\"icon-angle-down\" aria-hidden=\"true\"><\/i><\/button>\n\t\t\t<span>Wann sind Termine m\u00f6glich?<\/span>\n\t\t<\/a>\n\t\t<div id=\"accordion-1424917568-content\" class=\"accordion-inner\" aria-labelledby=\"accordion-1424917568-label\">\n\t\t\t\n<p>Wir beraten dich Mo\u2013Sa von 8:00 bis 19:00 Uhr, Sonntag nach Vereinbarung. Termine sind zeitnah und unkompliziert verf\u00fcgbar.<\/p>\n\t\t<\/div>\n\t<\/div>\n\t\n\t<div id=\"accordion-4586964\" class=\"accordion-item\">\n\t\t<a id=\"accordion-4586964-label\" class=\"accordion-title plain\" href=\"#accordion-item-noch-fragen?\" aria-expanded=\"false\" aria-controls=\"accordion-4586964-content\">\n\t\t\t<button class=\"toggle\" aria-label=\"Umschalten\"><i class=\"icon-angle-down\" aria-hidden=\"true\"><\/i><\/button>\n\t\t\t<span>Noch Fragen?<\/span>\n\t\t<\/a>\n\t\t<div id=\"accordion-4586964-content\" class=\"accordion-inner\" aria-labelledby=\"accordion-4586964-label\">\n\t\t\t\n<p>Kontaktiere uns jederzeit unter <a href=\"mailto:cb@afmg.at\">cb@afmg.at<\/a> oder telefonisch: +43 0000<\/p>\n\t\t<\/div>\n\t<\/div>\n\t\n<\/div>\n\t\t<\/div>\n\t\t\t\t\t<\/div>\n\n\t\n<\/div>\n\t\t<\/div>\n\n\t\t\n<style>\n#section_448703619 {\n  padding-top: 30px;\n  padding-bottom: 30px;\n  background-color: #876bcd;\n}\n<\/style>\n\t<\/section>\n\t\n\n\t<section class=\"section\" id=\"section_670113202\">\n\t\t<div class=\"section-bg fill\" >\n\t\t\t\t\t\t\t\t\t\n\t\t\t\n\n\t\t<\/div>\n\n\t\t\n\n\t\t<div class=\"section-content relative\">\n\t\t\t\n\t<div id=\"gap-874963943\" class=\"gap-element clearfix\" style=\"display:block; height:auto;\">\n\t\t\n<style>\n#gap-874963943 {\n  padding-top: 30px;\n}\n<\/style>\n\t<\/div>\n\t\n<div class=\"row row-large\"  id=\"row-713436647\">\n\n\t<div id=\"col-1274440794\" class=\"col small-12 large-12\"  >\n\t\t\t\t<div class=\"col-inner\"  >\n\t\t\t\n\t\t\t\n<h1>Pers\u00f6nlichkeitsentwicklung bei AFMG.at \u2013 Entfalte dein Potenzial!<\/h1>\n<p>Jeder Mensch kann \u00fcber sich hinauswachsen \u2013 manchmal braucht es nur den richtigen Impuls und eine professionelle Begleitung. Unsere Beratung zur Pers\u00f6nlichkeitsentwicklung unterst\u00fctzt dich dabei, alte Blockaden zu \u00fcberwinden, neue Lebensziele zu erkennen und dein Leben aktiv nach deinen Vorstellungen zu gestalten.<\/p>\n<h2>Warum unsere Beratung?<\/h2>\n<ul>\n<li>Erfahrene, empathische Begleitung f\u00fcr nachhaltiges Wachstum<\/li>\n<li>Individuelle Strategien zur \u00dcberwindung von Hindernissen<\/li>\n<li>St\u00e4rkung von Selbstreflexion, Selbstannahme und Lebensfreude<\/li>\n<li>Flexible Online-Beratung \u2013 bequem und sicher von \u00fcberall<\/li>\n<li>Impulse und Tools f\u00fcr bewusste Ver\u00e4nderung und Selbstverwirklichung<\/li>\n<\/ul>\n<p>\nUnsere Beratung ersetzt keine Psychotherapie, ist aber eine wirkungsvolle Unterst\u00fctzung f\u00fcr alle, die ihr Leben aktiv gestalten und pers\u00f6nlich wachsen m\u00f6chten.\n<\/p>\n<p>\nNoch Fragen? Schreibe uns an <a href=\"mailto:cb@afmg.at\">cb@afmg.at<\/a> \u2013 wir begleiten dich gerne!<\/p>\n\t\t<\/div>\n\t\t\t\t\t<\/div>\n\n\t\n<\/div>\n\t\t<\/div>\n\n\t\t\n<style>\n#section_670113202 {\n  padding-top: 26px;\n  padding-bottom: 26px;\n  background-color: rgb(255,255,255);\n}\n<\/style>\n\t<\/section>\n\t\n\n\t<section class=\"section dark has-mask mask-angled-large\" id=\"section_1208436902\">\n\t\t<div class=\"section-bg fill\" >\n\t\t\t\t\t\t\t\t\t<div class=\"section-bg-overlay absolute fill\"><\/div>\n\t\t\t\n\n\t\t<\/div>\n\n\t\t\n\n\t\t<div class=\"section-content relative\">\n\t\t\t\n\t<div id=\"gap-1836928194\" class=\"gap-element clearfix\" style=\"display:block; height:auto;\">\n\t\t\n<style>\n#gap-1836928194 {\n  padding-top: 60px;\n}\n@media (min-width:550px) {\n  #gap-1836928194 {\n    padding-top: 49px;\n  }\n}\n<\/style>\n\t<\/div>\n\t\n<div class=\"row row-small align-center\"  id=\"row-1246973338\">\n\n\t<div id=\"col-1746760812\" class=\"col medium-10 small-12 large-8\"  >\n\t\t\t\t<div class=\"col-inner\"  >\n\t\t\t\n\t\t\t\n\t<div id=\"text-2372508535\" class=\"text\">\n\t\t\n<h1>Jetzt Beratung zur Pers\u00f6nlichkeitsentwicklung anfragen &amp; neue Wege gehen!<\/h1>\n\t\t\n<style>\n#text-2372508535 {\n  color: rgb(92, 92, 92);\n}\n#text-2372508535 > * {\n  color: rgb(92, 92, 92);\n}\n<\/style>\n\t<\/div>\n\t\n\t\t<\/div>\n\t\t\t\t\n<style>\n#col-1746760812 > .col-inner {\n  padding: 15px 0px 0px 0px;\n}\n<\/style>\n\t<\/div>\n\n\t\n\n\t<div id=\"col-1365145267\" class=\"col medium-10 small-12 large-4\"  >\n\t\t\t\t<div class=\"col-inner\"  >\n\t\t\t\n\t\t\t\n<a data-animate=\"flipInY\" href=\"\/kontakt\" class=\"button secondary is-gloss is-large box-shadow-1 box-shadow-5-hover\" style=\"border-radius:10px;\">\n\t\t<span>Informationen anfragen<\/span>\n\t<\/a>\n\n\t\t<\/div>\n\t\t\t\t\n<style>\n#col-1365145267 > .col-inner {\n  padding: 15px 0px 0px 0px;\n}\n<\/style>\n\t<\/div>\n\n\t\n<\/div>\n\t\t<\/div>\n\n\t\t\n<style>\n#section_1208436902 {\n  padding-top: 24px;\n  padding-bottom: 24px;\n  background-color: #927d56;\n}\n#section_1208436902 .section-bg-overlay {\n  background-color: rgba(255,255,255,.5);\n}\n<\/style>\n\t<\/section>\n\t\n","protected":false},"excerpt":{"rendered":"","protected":false},"author":1,"featured_media":2220,"parent":1703,"menu_order":0,"comment_status":"closed","ping_status":"closed","template":"page-blank.php","meta":{"footnotes":""},"class_list":["post-1522","page","type-page","status-publish","has-post-thumbnail","hentry"],"_links":{"self":[{"href":"https:\/\/demo.labella-consulting.de\/index.php\/wp-json\/wp\/v2\/pages\/1522","targetHints":{"allow":["GET"]}}],"collection":[{"href":"https:\/\/demo.labella-consulting.de\/index.php\/wp-json\/wp\/v2\/pages"}],"about":[{"href":"https:\/\/demo.labella-consulting.de\/index.php\/wp-json\/wp\/v2\/types\/page"}],"author":[{"embeddable":true,"href":"https:\/\/demo.labella-consulting.de\/index.php\/wp-json\/wp\/v2\/users\/1"}],"replies":[{"embeddable":true,"href":"https:\/\/demo.labella-consulting.de\/index.php\/wp-json\/wp\/v2\/comments?post=1522"}],"version-history":[{"count":12,"href":"https:\/\/demo.labella-consulting.de\/index.php\/wp-json\/wp\/v2\/pages\/1522\/revisions"}],"predecessor-version":[{"id":2591,"href":"https:\/\/demo.labella-consulting.de\/index.php\/wp-json\/wp\/v2\/pages\/1522\/revisions\/2591"}],"up":[{"embeddable":true,"href":"https:\/\/demo.labella-consulting.de\/index.php\/wp-json\/wp\/v2\/pages\/1703"}],"wp:featuredmedia":[{"embeddable":true,"href":"https:\/\/demo.labella-consulting.de\/index.php\/wp-json\/wp\/v2\/media\/2220"}],"wp:attachment":[{"href":"https:\/\/demo.labella-consulting.de\/index.php\/wp-json\/wp\/v2\/media?parent=1522"}],"curies":[{"name":"wp","href":"https:\/\/api.w.org\/{rel}","templated":true}]}}