{"id":1419,"date":"2024-07-03T05:24:59","date_gmt":"2024-07-03T05:24:59","guid":{"rendered":"http:\/\/192.168.0.235:10004\/?page_id=1419"},"modified":"2025-08-04T12:55:10","modified_gmt":"2025-08-04T12:55:10","slug":"termin-vereinbaren","status":"publish","type":"page","link":"https:\/\/demo.labella-consulting.de\/index.php\/termin-vereinbaren\/","title":{"rendered":"Termin vereinbaren"},"content":{"rendered":"\n\t<section class=\"section dark\" id=\"section_1910392049\">\n\t\t<div class=\"section-bg fill\" >\n\t\t\t\t\t\t\t<div class=\"video-overlay no-click fill hide-for-medium\"><\/div>\n\t<video class=\"video-bg fill hide-for-medium\" preload playsinline autoplay muted loop>\n\t\t<source src=\"https:\/\/demo.labella-consulting.de\/wp-content\/uploads\/2025\/08\/professional-therapist-online-teacher-or-psychologist-making-notes-during-conversat-SBV-346997204-HD.mp4\" type=\"video\/mp4\">\t<\/video>\n\t\t\t<div class=\"section-bg-overlay absolute fill\"><\/div>\n\t\t\t\n\n\t\t<\/div>\n\n\t\t\n\n\t\t<div class=\"section-content relative\">\n\t\t\t\n<div class=\"row align-center\"  id=\"row-53069532\">\n\n\t<div id=\"col-2044030963\" class=\"col medium-7 small-12 large-7\"  >\n\t\t\t\t<div class=\"col-inner\" style=\"background-color:rgb(255,255,255);\" >\n\t\t\t\n\t\t\t\n\t<div id=\"text-54280058\" class=\"text\">\n\t\t\n<h1 style=\"color:#876bcd;\">Terminvereinbarung \u2013 AFMG.at<\/h1>\n<p>Vereinbaren Sie jetzt ganz einfach Ihren pers\u00f6nlichen Termin f\u00fcr eine psychologische Beratung, ein Coaching oder ein Netzwerkgespr\u00e4ch.<br \/>\nSchnell, vertraulich &amp; flexibel \u2013 online per Videocall.<\/p>\n\t\t\n<style>\n#text-54280058 {\n  text-align: center;\n  color: rgb(0,0,0);\n}\n#text-54280058 > * {\n  color: rgb(0,0,0);\n}\n<\/style>\n\t<\/div>\n\t\n<div class=\"is-divider divider clearfix\" ><\/div>\n\t<div id=\"text-200015032\" class=\"text\">\n\t\t\n<p><!-- BEGIN: Terminvereinbarungs-Formular --><\/p>\n<div style=\"margin:25px 0;\">\n<form action=\"\/termin-buchen\/\" method=\"post\" style=\"max-width:520px;margin:0 auto;\">\n    <label for=\"name\" style=\"font-weight:bold;color:#222;\">Ihr Name*<\/label><br \/>\n    <input type=\"text\" id=\"name\" name=\"name\" required\n      style=\"color:#222; background:#fff; width:100%; padding:9px; margin:7px 0 15px 0; border-radius:7px; border:1px solid #ccc;\"><\/p>\n<p>    <label for=\"email\" style=\"font-weight:bold;color:#222;\">E-Mail-Adresse*<\/label><br \/>\n    <input type=\"email\" id=\"email\" name=\"email\" required\n      style=\"color:#222; background:#fff; width:100%; padding:9px; margin:7px 0 15px 0; border-radius:7px; border:1px solid #ccc;\"><\/p>\n<p>    <label for=\"angebot\" style=\"font-weight:bold;color:#222;\">Angebot ausw\u00e4hlen*<\/label><br \/>\n    <select id=\"angebot\" name=\"angebot\" required\n      style=\"color:#222; background:#fff; width:100%; padding:9px; margin:7px 0 15px 0; border-radius:7px; border:1px solid #ccc;\"><option value=\"\" disabled selected>Bitte w\u00e4hlen<\/option><option value=\"psychologische-beratung\">Psychologische Beratung<\/option><option value=\"coaching\">Coaching<\/option><option value=\"netzwerk-gespraech\">Netzwerk-Gespr\u00e4ch<\/option><option value=\"sonstiges\">Sonstiges<\/option><\/select><\/p>\n<p>    <label for=\"wunschtermin\" style=\"font-weight:bold;color:#222;\">Wunschdatum &amp; Uhrzeit<\/label><br \/>\n    <input type=\"datetime-local\" id=\"wunschtermin\" name=\"wunschtermin\"\n      style=\"color:#222; background:#fff; width:100%; padding:9px; margin:7px 0 15px 0; border-radius:7px; border:1px solid #ccc;\"><\/p>\n<p>    <label for=\"nachricht\" style=\"font-weight:bold;color:#222;\">Anmerkungen (optional)<\/label><br \/>\n    <textarea id=\"nachricht\" name=\"nachricht\" rows=\"3\"\n      style=\"color:#222; background:#fff; width:100%; padding:9px; margin:7px 0 15px 0; border-radius:7px; border:1px solid #ccc;\"><\/textarea><\/p>\n<p>    <button type=\"submit\"\n      style=\"background:#876bcd;color:#fff;font-weight:bold;padding:12px 35px;border:none;border-radius:8px;font-size:115%;cursor:pointer;width:100%;\">Termin anfragen<\/button><br \/>\n  <\/form>\n<\/div>\n<p style=\"font-size:95%;color:#876bcd;text-align:center;margin-top:8px;\">\n  *Pflichtfelder &nbsp;|&nbsp; Ihre Daten werden vertraulich behandelt.\n<\/p>\n<p><!-- END: Terminvereinbarungs-Formular --><\/p>\n\t\t\n<style>\n#text-200015032 {\n  color: rgb(0,0,0);\n}\n#text-200015032 > * {\n  color: rgb(0,0,0);\n}\n<\/style>\n\t<\/div>\n\t\n\t<div id=\"gap-443867161\" class=\"gap-element clearfix\" style=\"display:block; height:auto;\">\n\t\t\n<style>\n#gap-443867161 {\n  padding-top: 8px;\n}\n<\/style>\n\t<\/div>\n\t\n\t\t<\/div>\n\t\t\t\t\n<style>\n#col-2044030963 > .col-inner {\n  padding: 38px;\n}\n<\/style>\n\t<\/div>\n\n\t\n\n\t<div id=\"col-1221242167\" class=\"col medium-5 small-12 large-5\"  >\n\t\t\t\t<div class=\"col-inner text-center\"  >\n\t\t\t\n\t\t\t\n\t<div id=\"text-3946216933\" class=\"text\">\n\t\t\n<h2 style=\"color: #927d56;\">So funktioniert\u2019s:<\/h2>\n<ul style=\"display:inline-block; text-align:left; max-width:350px; font-size:110%; margin:0 auto 22px auto;\">\n<li>Formular ausf\u00fcllen und Wunschtermin w\u00e4hlen<\/li>\n<li>Wir pr\u00fcfen Ihre Anfrage und best\u00e4tigen zeitnah per E-Mail<\/li>\n<li>Ihr Gespr\u00e4ch findet sicher &amp; bequem online via Videocall (Zoom) statt<\/li>\n<\/ul>\n\t<div id=\"gap-392528426\" class=\"gap-element clearfix\" style=\"display:block; height:auto;\">\n\t\t\n<style>\n#gap-392528426 {\n  padding-top: 10px;\n}\n<\/style>\n\t<\/div>\n\t\n<h3 style=\"color: #876bcd;\">Ihre Vorteile:<\/h3>\n<ul style=\"display:inline-block; text-align:left; max-width:350px; font-size:106%; margin:0 auto 22px auto;\">\n<li>Flexible Terminvergabe: Mo\u2013Sa 8\u201319 Uhr, Sonntag nach Vereinbarung<\/li>\n<li>Online-Beratung ohne Anfahrtswege<\/li>\n<li>Vertraulichkeit &amp; Datenschutz garantiert<\/li>\n<li>Pers\u00f6nliche, fachkundige Begleitung<\/li>\n<\/ul>\n<div class=\"is-divider divider clearfix\" ><\/div>\n<h4 style=\"color: #927d56;\">Noch Fragen?<\/h4>\n<p>Schreiben Sie uns an <a style=\"color: #876bcd;\" href=\"mailto:cb@afmg.at\">cb@afmg.at<\/a><\/p>\n\t\t\n<style>\n#text-3946216933 {\n  text-align: center;\n}\n<\/style>\n\t<\/div>\n\t\n\t\t<\/div>\n\t\t\t\t\t<\/div>\n\n\t\n<\/div>\n\t\t<\/div>\n\n\t\t\n<style>\n#section_1910392049 {\n  padding-top: 70px;\n  padding-bottom: 70px;\n  background-color: rgb(40, 40, 40);\n}\n#section_1910392049 .section-bg-overlay {\n  background-color: rgba(0,0,0,.6);\n}\n<\/style>\n\t<\/section>\n\t\n\n\t<section class=\"section\" id=\"section_2060848683\">\n\t\t<div class=\"section-bg fill\" >\n\t\t\t\t\t\t\t\t\t\n\t\t\t\n\n\t\t<\/div>\n\n\t\t\n\n\t\t<div class=\"section-content relative\">\n\t\t\t\n<div class=\"row\"  id=\"row-1295001205\">\n\n\t<div id=\"col-1896588772\" class=\"col small-12 large-12\"  >\n\t\t\t\t<div class=\"col-inner\"  >\n\t\t\t\n\t\t\t\n<h2 style=\"text-align:center;color:#876bcd;\">FAQ zur Terminvereinbarung<\/h2>\n<div class=\"accordion\">\n\t<div id=\"accordion-1482118153\" class=\"accordion-item\">\n\t\t<a id=\"accordion-1482118153-label\" class=\"accordion-title plain\" href=\"#accordion-item-wie-kurzfristig-kann-ich-einen-termin-buchen?\" aria-expanded=\"false\" aria-controls=\"accordion-1482118153-content\">\n\t\t\t<button class=\"toggle\" aria-label=\"Umschalten\"><i class=\"icon-angle-down\" aria-hidden=\"true\"><\/i><\/button>\n\t\t\t<span>Wie kurzfristig kann ich einen Termin buchen?<\/span>\n\t\t<\/a>\n\t\t<div id=\"accordion-1482118153-content\" class=\"accordion-inner\" aria-labelledby=\"accordion-1482118153-label\">\n\t\t\t\n<p>Wir bem\u00fchen uns um eine schnelle Terminvergabe. In dringenden F\u00e4llen sind oft Termine innerhalb von 24\u201348 Stunden m\u00f6glich.<\/p>\n\t\t<\/div>\n\t<\/div>\n\t\n\t<div id=\"accordion-1808491668\" class=\"accordion-item\">\n\t\t<a id=\"accordion-1808491668-label\" class=\"accordion-title plain\" href=\"#accordion-item-wie-l\u00e4uft-die-beratung-ab?\" aria-expanded=\"false\" aria-controls=\"accordion-1808491668-content\">\n\t\t\t<button class=\"toggle\" aria-label=\"Umschalten\"><i class=\"icon-angle-down\" aria-hidden=\"true\"><\/i><\/button>\n\t\t\t<span>Wie l\u00e4uft die Beratung ab?<\/span>\n\t\t<\/a>\n\t\t<div id=\"accordion-1808491668-content\" class=\"accordion-inner\" aria-labelledby=\"accordion-1808491668-label\">\n\t\t\t\n<p>Die Beratung findet online per Videocall (Zoom) statt. Sie erhalten einen Zugangslink nach Best\u00e4tigung Ihres Termins.<\/p>\n\t\t<\/div>\n\t<\/div>\n\t\n\t<div id=\"accordion-236772931\" class=\"accordion-item\">\n\t\t<a id=\"accordion-236772931-label\" class=\"accordion-title plain\" href=\"#accordion-item-kann-ich-meinen-termin-verschieben-oder-absagen?\" aria-expanded=\"false\" aria-controls=\"accordion-236772931-content\">\n\t\t\t<button class=\"toggle\" aria-label=\"Umschalten\"><i class=\"icon-angle-down\" aria-hidden=\"true\"><\/i><\/button>\n\t\t\t<span>Kann ich meinen Termin verschieben oder absagen?<\/span>\n\t\t<\/a>\n\t\t<div id=\"accordion-236772931-content\" class=\"accordion-inner\" aria-labelledby=\"accordion-236772931-label\">\n\t\t\t\n<p>Ja, geben Sie uns bitte sp\u00e4testens 24 Stunden vor dem vereinbarten Termin Bescheid \u2013 per E-Mail oder telefonisch.<\/p>\n\t\t<\/div>\n\t<\/div>\n\t\n\t<div id=\"accordion-3494973981\" class=\"accordion-item\">\n\t\t<a id=\"accordion-3494973981-label\" class=\"accordion-title plain\" href=\"#accordion-item-welche-technischen-voraussetzungen-ben\u00f6tige-ich?\" aria-expanded=\"false\" aria-controls=\"accordion-3494973981-content\">\n\t\t\t<button class=\"toggle\" aria-label=\"Umschalten\"><i class=\"icon-angle-down\" aria-hidden=\"true\"><\/i><\/button>\n\t\t\t<span>Welche technischen Voraussetzungen ben\u00f6tige ich?<\/span>\n\t\t<\/a>\n\t\t<div id=\"accordion-3494973981-content\" class=\"accordion-inner\" aria-labelledby=\"accordion-3494973981-label\">\n\t\t\t\n<p>Ein internetf\u00e4higes Ger\u00e4t (PC, Tablet, Smartphone) und eine stabile Verbindung. Eine Kamera ist hilfreich, aber nicht zwingend erforderlich.<\/p>\n\t\t<\/div>\n\t<\/div>\n\t\n<\/div>\n\t\t<\/div>\n\t\t\t\t\t<\/div>\n\n\t\n<\/div>\n\t\t<\/div>\n\n\t\t\n<style>\n#section_2060848683 {\n  padding-top: 35px;\n  padding-bottom: 35px;\n  background-color: rgb(247,246,246);\n}\n<\/style>\n\t<\/section>\n\t\n","protected":false},"excerpt":{"rendered":"","protected":false},"author":1,"featured_media":0,"parent":0,"menu_order":0,"comment_status":"closed","ping_status":"closed","template":"page-blank.php","meta":{"footnotes":""},"class_list":["post-1419","page","type-page","status-publish","hentry"],"_links":{"self":[{"href":"https:\/\/demo.labella-consulting.de\/index.php\/wp-json\/wp\/v2\/pages\/1419","targetHints":{"allow":["GET"]}}],"collection":[{"href":"https:\/\/demo.labella-consulting.de\/index.php\/wp-json\/wp\/v2\/pages"}],"about":[{"href":"https:\/\/demo.labella-consulting.de\/index.php\/wp-json\/wp\/v2\/types\/page"}],"author":[{"embeddable":true,"href":"https:\/\/demo.labella-consulting.de\/index.php\/wp-json\/wp\/v2\/users\/1"}],"replies":[{"embeddable":true,"href":"https:\/\/demo.labella-consulting.de\/index.php\/wp-json\/wp\/v2\/comments?post=1419"}],"version-history":[{"count":13,"href":"https:\/\/demo.labella-consulting.de\/index.php\/wp-json\/wp\/v2\/pages\/1419\/revisions"}],"predecessor-version":[{"id":2679,"href":"https:\/\/demo.labella-consulting.de\/index.php\/wp-json\/wp\/v2\/pages\/1419\/revisions\/2679"}],"wp:attachment":[{"href":"https:\/\/demo.labella-consulting.de\/index.php\/wp-json\/wp\/v2\/media?parent=1419"}],"curies":[{"name":"wp","href":"https:\/\/api.w.org\/{rel}","templated":true}]}}